rivative of q**5/60 - 3*q**4/8 + 2*q**3/3 - 4*q**2. Let v be (-90)/(-11) + 36/(-198). Determine g(v).
-4
Let h(j) be the third derivative of j**5/60 + 13*j**4/24 + 11*j**3/2 - 861*j**2. Give h(-7).
-9
Let o be 15/(-25) - (-56)/10. Suppose -5*z + 0 = -o. Let g(l) be the second derivative of -l**3 + l**2/2 - 15*l. Calculate g(z).
-5
Let u be 4 + (-11 - (2 - 5)). Let m(z) = z**3 + 4*z**2 + 2*z + 5. Determine m(u).
-3
Let y(h) = h**3 - 2*h**2 - 2*h + 3. Let j(l) = 3*l + 6. Let u(d) = -d - 3. Let t(r) = -4*j(r) - 9*u(r). Let i be t(3). Let a be i/3 - (-10)/2. What is y(a)?
6
Suppose 5*t = o + 10*t + 12, -4*o - t = -28. Let q(d) = -d**2 + 7*d - 3. Let i(n) = -n**2 + 7*n - 2. Let l(s) = 6*i(s) - 5*q(s). What is l(o)?
-5
Let k(o) = 3*o**3 + o + 1. Suppose 0 = 5*h - 25, p = -4*p - h + 5. Suppose p*d = -4*d. Suppose -n + d - 1 = 0. Give k(n).
-3
Let t(a) = a**2 + 12. Let p(q) = 2*q - 7. Suppose -5 = -2*k + k. Let v be p(k). Suppose 3 = -3*r - v*x + 2*x, 5*x + 15 = 4*r. What is t(r)?
12
Let n(x) = -2*x**2 + 24*x + 19 - 6*x - 2 + 4. What is n(10)?
1
Let u(y) = -24*y**3 + 27*y**2 - y + 12. Let m(n) = 11*n**3 - 13*n**2 - 6. Let c(b) = 13*m(b) + 6*u(b). Calculate c(-6).
-6
Suppose 7*g - 10*g = -6. Let k be 10/(-20) + 1/g. Let s(y) = 2 - 3*y**3 + y**3 + y**3. What is s(k)?
2
Let s(u) be the second derivative of -1/6*u**4 + 0*u**2 - 1/3*u**3 - 9*u + 1/20*u**5 + 0. Give s(2).
-4
Let c(l) = -2*l. Let f(v) be the third derivative of v**5/60 - 3*v**4/8 - 4*v**3/3 - 5*v**2. Let d be f(9). Let y = 10 + d. Determine c(y).
-4
Let j be -3 - -3 - (-2)/1. Let i(z) = -23*z - 3. Let n(q) = 15*q + 2. Let v(w) = 5*i(w) + 8*n(w). What is v(j)?
11
Let v(o) = 0*o + 24*o**2 + 7*o - 58*o**2 + 4 + 33*o**2. Calculate v(7).
4
Let z(h) be the third derivative of -h**6/120 + h**5/20 + 5*h**4/12 - h**3 + h**2 + 403*h. What is z(5)?
-6
Let y(d) = -d**2 - 2*d + 2. Suppose 3*g + 59 = -k + 69, -4*k = 4*g. Give y(k).
-13
Let d(m) be the third derivative of m**4/12 + 7*m**3/3 + 7*m**2. Let k(b) = b + 5. Let j(w) = -4*d(w) + 11*k(w). Calculate j(-2).
-7
Let v(b) = -9*b + 23*b - 15*b. Let i be -6 - ((-4)/2 + 2). Let r = 12 + i. Determine v(r).
-6
Let c(h) = 4*h - 1 + 0 + 2. Let m be (-3 - (-27)/6)*(-8)/(-3). Suppose -22 = 4*o - 3*q, 7*q = -m*o + 5*q - 12. Give c(o).
-15
Let z = 300 - 295. Let s(m) = -m**2 + 4*m + 5. Calculate s(z).
0
Suppose -3*j = j. Suppose j = 4*h - 99 + 7. Let z = 29 - h. Let v(o) = -2*o + 2. Determine v(z).
-10
Let d(b) = -b**2 - 1. Let h be (1 + -16)*(-3)/9. Suppose -h*r + 14 = -3*r. Suppose r*w - 10 = 2*w. Calculate d(w).
-5
Let z(a) be the second derivative of a**4/12 - 11*a**3/6 - 2*a**2 + 10*a. Let y(i) be the first derivative of z(i). Calculate y(8).
5
Let x(d) = -2*d - 1. Suppose 5*g = -5*a + 25, 2 = g - 2. Let r be a/((-1)/3) + 8. Suppose 2*n + 14 = -4*c, 6*c = -r*n + 3*c - 28. Determine x(n).
9
Let o(p) be the third derivative of 0 + 7*p**2 - 1/120*p**6 + 4/3*p**3 + 0*p - 1/24*p**4 + 1/10*p**5. Suppose 30 = 15*a - 10*a. Calculate o(a).
2
Suppose 119 - 35 = -3*d. Let w = d - -29. Let k(a) = -6*a**2 + 1. Determine k(w).
-5
Suppose 70*g - 74*g = 0. Let u(c) = -4*c**2 - c - 2. Let h(v) = 7*v**2 + 2*v + 5. Let k(z) = -3*h(z) - 5*u(z). Determine k(g).
-5
Let m(t) be the first derivative of -t**4/2 - t**3 + 2*t + 172. Suppose w = 2*d + 14, -2*d - 8 = -0*w + 2*w. Let f be (2/3)/(2/d). Determine m(f).
6
Let y(x) = -12*x**2 - 3*x - 11. Let z(a) = -16*a**2 - 4*a - 15. Let o(h) = 11*y(h) - 8*z(h). Give o(-2).
-15
Let x(y) = -y**2 + 35*y - 307. Let r be x(19). Let j(h) = h**3 + 3*h**2 + 4. Determine j(r).
4
Let j(n) be the third derivative of n**6/120 - n**5/15 + n**4/24 - n**3/6 - 2*n**2 + 1. Give j(4).
3
Let c(u) = 1121 - 20*u**2 + u**3 - 16*u - 1104 + u**2 + 4*u**2. What is c(16)?
17
Let p(y) = y - 1. Suppose 0 = 2*n - 3*n. Suppose 2*k + 3*x = -n*k + 2, -18 = 2*k - 2*x. What is p(k)?
-6
Suppose -2*t - 8 = -t - 4*y, -4*t - 8 = -4*y. Let l(f) be the second derivative of -1/6*f**4 + 1/10*f**5 - 1/6*f**3 + t + 0*f**2 + 3*f. Give l(2).
6
Let d be 7/(-2)*(-20)/35. Let s be d/(-6)*(6 + -24). Let p(a) = 3*a - 2. Determine p(s).
16
Let g(o) = -65*o - 1. Suppose 0 = -27*x - 10 - 17. What is g(x)?
64
Let j(g) = -5*g + 1. Suppose 2*l + 22 = -l - d, 5*d = -2*l + 7. Let n be (-19)/(-9) - (-1)/l. What is j(n)?
-9
Let u(l) be the first derivative of -13*l**5/120 - l**4/24 + 7*l**3/3 - 6. Let j(c) be the third derivative of u(c). Let p = 4 + -5. Determine j(p).
12
Let c(a) be the first derivative of 2*a**2 + 0*a - 1/3*a**3 - 4. Give c(5).
-5
Let c(w) = 22*w - 1. Let n(d) = 44*d - 2. Let s(o) = 5*c(o) - 3*n(o). Determine s(-1).
23
Let j(q) = -7*q**3 + 28*q**2 + 7*q - 29. Let c(a) = 4*a**3 - 14*a**2 - 4*a + 15. Let h(i) = 5*c(i) + 3*j(i). Determine h(14).
2
Let b = -748 + 726. Let g(i) = -i**2 - 21*i + 19. Calculate g(b).
-3
Let h(d) = d**2 - 5*d - 7. Let q(u) = -u**2 + 7*u - 9. Let b be q(4). Suppose b*j - 2*i - 3*i = 2, j = -2*i - 14. Let s be 4*-2*j/8. Determine h(s).
-1
Let v(w) = w**2 + 14*w - 117. Let l be v(6). Let b(m) = -5*m + 2. Give b(l).
-13
Let r(l) = -7*l + 1. Suppose 4*v - 2*h - 26 = 0, v + 2*h + 31 = 6*v. Suppose 0 = -5*y - v - 0. Give r(y).
8
Suppose -8*a = 3*a - 22. Let p(o) = -o**2 + 2*o**2 - o**2 - o**3 - 5*o**a + 3*o - 8. Determine p(-6).
10
Let v(l) = 3 - 1 + 8*l + 2*l + l**2 + 5*l - 4*l. Determine v(-8).
-22
Let l(r) = -2*r - 21. Let j be l(-10). Let m(q) = 5*q - 2 - 3*q**2 + 0*q - 20*q**2. Let i(h) = 11*h**2 - 2*h + 1. Let c(v) = -5*i(v) - 2*m(v). What is c(j)?
-10
Let d(y) be the third derivative of 0*y - 1/6*y**4 - 1/2*y**3 - 7*y**2 - 1/15*y**5 - 1/120*y**6 + 0. Suppose -n + 8 = -3*n. Calculate d(n).
13
Suppose 8*x + 3*m = 3*x + 30, x = 2*m - 7. Suppose -4*r - 18 = -3*q + q, -x*r = 5*q - 6. Let i(f) = 2*f**2 + 2*f - 5*f + f**3 - 1 + f. Calculate i(r).
-4
Let p be (18/(-21))/((-30)/280). Let s(z) = -z + 13. Determine s(p).
5
Let j be 2/((-4)/(-2))*0. Let g(b) = b**2 - 7*b - 3. Let l be g(8). Let i(y) = 7*y + l - 6*y - 5. Calculate i(j).
0
Suppose -2*b - 1 = -3. Suppose -2*u + b + 3 = 0. Let p(i) = -2*i**2 + 4*i**2 + 3*i**2 + u*i**3 + i + 7 - 3*i**3. Calculate p(5).
12
Let y = 169 - 167. Let l(h) = -y*h - 7*h + 8 - 7. Give l(-2).
19
Let n(j) be the first derivative of -j**4/4 + 8*j**3/3 - 3*j**2 - 9*j + 1. Suppose 0 = -q - t - 2, 0 = 3*t + 8 + 4. Suppose -q*d + 21 = 7. Give n(d).
-2
Let d(k) = -12*k. Let a(b) = -b**2 + 6*b + 3. Let x be a(7). Let o be (-2)/(x + (4 - 2)). What is d(o)?
-12
Let p(l) be the first derivative of -3*l**2 - 3 - 1/3*l**3 + l. Let d(g) = 11*g - 137. Let t be d(12). Determine p(t).
6
Let t be -1 + 6 - 2 - 4. Let u be (-3 + 1 - -2)/1. Let r(j) = -5*j**3 + 23*j - 24*j + u*j**2 - j**2. Determine r(t).
5
Let p(u) be the third derivative of u**7/2520 - u**6/180 - u**5/60 - 12*u**2. Let t(s) be the third derivative of p(s). Give t(3).
2
Let c(d) = d**2 + d**2 + 0*d**2 + 2 - d**3 - 5 + 2*d. Let n(y) = -5*y**2 - 4*y + 8 + 2 + 12*y**3 - 3 - 10*y**3. Let x(w) = 5*c(w) + 2*n(w). Determine x(2).
-5
Let n(i) be the first derivative of i**2/2 - i - 1. Let c = -5230 + 5232. Give n(c).
1
Let p(f) = 1407*f + 1 - 1410*f - 2 - 5. Determine p(-7).
15
Suppose 3*b + 71 = -2*j, 2*j + 27 = -5*b - 54. Let p = j + 5. Let n = -26 - p. Let h(m) = -3*m**2 - 5*m - 4. What is h(n)?
-16
Let r(f) be the first derivative of 1/2*f**2 + 8/3*f**3 + 1 + 0*f. Let t(u) = -9*u**2 + 305*u + 35. Let n be t(34). Give r(n).
9
Let l(q) = -1383*q**2 + 5 + 1384*q**2 + 6*q - 3. Suppose -4*v + 0*v = 20. What is l(v)?
-3
Let z(h) = 3*h**2 + 17*h + 9. Suppose -7*x = 2*x + 36. Let r(s) = -2*s**2 - 15*s - 8. Let m(y) = x*r(y) - 3*z(y). Give m(9).
5
Let l(m) = m**3 + 7*m**2 + 5*m + 20. Let n = -1522 - -1515. Give l(n).
-15
Suppose 0 = -m - 5 + 1. Let d(u) be the second derivative of 1/20*u**5 + 0 - u**2 + 2*u + 1/3*u**4 - 1/6*u**3. Give d(m).
2
Let w(x) = -x**3 + 2*x**2 + 3*x - 1. Let v(g) = 3*g**3 + 2*g**2 - 1. Let l be v(1). Suppose -7 = l*i - 19. Determine w(i).
-1
Let t(p) be the second derivative of p**4/12 - 5*p**3/6 - 7*p**2/2 + 75*p. What is t(5)?
-7
Let a(p) be the first derivative of p**4/4 + 7*p**3/3 + 5*p**2/2 - p - 312. Calculate a(-5).
24
Let a = 6 - 4. Suppose 6 = -d - 4*c, -d - 4*c = -2*c + a. Let w(n) = -13*n**2 - 3*n + 14*n**d - 2*n - 7. What is w(5)?
-7
Let v(d) be the third